 be h(-1). Suppose r + 0 = j. Suppose 20 = -j*p, -2*d + 3*d = 5*p + 45. List the prime factors of d.
2, 5
Suppose -8*n = -6*n - 58. What are the prime factors of n?
29
Let y be (-46)/(-12) + (-3)/(-18). Suppose -y*z = 4*s - 124, -s - 3*s = 0. List the prime factors of z.
31
Suppose -8 = 2*p - 6*p, 4*p = 5*x - 127. List the prime factors of x.
3
Suppose 0 = -x + 6*x + b - 85, 5*x - 110 = 4*b. What are the prime factors of x?
2, 3
Suppose -4*j = j + 5. Let b(t) = -16*t**3 - t. Let n be b(j). Suppose -n - 7 = -4*w. List the prime factors of w.
2, 3
Let a(l) be the first derivative of -l**3/3 - 5*l**2 - 5*l - 1. Let s be a(-9). Suppose -4*b + 4*y + 50 = 6, -4*y + 12 = s*b. What are the prime factors of b?
7
Let u be (-2)/(-4) - (-17)/2. Let n = 16 - u. Suppose -1 = -q + n. What are the prime factors of q?
2
Let b(n) = 2*n**2 - 7*n + 2. Let i be b(-4). Suppose -3*p - 36 = -4*k, k - 4*p - 17 - 5 = 0. List the prime factors of k/10 - i/(-5).
13
Suppose 5*x - x + 300 = 0. Let h = 111 + x. What are the prime factors of h?
2, 3
Let d be (-2)/(-14) - (-617)/(-7). Let o = -44 - d. List the prime factors of o.
2, 11
Suppose -4*w = -x + w + 60, 54 = x - 2*w. Suppose -x = 5*l - t + 4*t, -4*l - t = 33. Let c = l - -11. What are the prime factors of c?
2
Let l = -6 - -11. Let h = -27 - -38. Let w = h - l. What are the prime factors of w?
2, 3
Let p(q) = q + 12. Let g be p(-10). Suppose 3*c - g*c - 9 = 0. What are the prime factors of c?
3
Let u = 8 + -4. Suppose u*w - 22 = 2. List the prime factors of w.
2, 3
Let w(o) = 6*o - 14. What are the prime factors of w(5)?
2
Suppose 0 = -4*y - h + 23, -3*y + 0*h = 2*h - 11. Suppose 0 = -5*o + 2*c + 103, 5*c + 27 = y. List the prime factors of o.
19
List the prime factors of 76*(-2 - (-10)/4).
2, 19
Let b = 0 + 0. Suppose -2*j + b*j = -26. List the prime factors of j.
13
Let n(f) = 5*f**2 + 5*f - 4. Let t be n(3). Suppose 3*q - t = q. List the prime factors of q.
2, 7
Suppose -3*a + 2 = -4. Suppose 3*r + 18 = 3*q - a*r, 0 = -q - 2*r + 17. What are the prime factors of q?
11
Let s be (-4)/(5/(105/(-6))). Suppose s = 5*r - 66. Let q = 23 - r. List the prime factors of q.
7
Let h(a) = 4*a - 8. Let w(y) = -9*y + 16. Let s(f) = 5*h(f) + 2*w(f). Suppose 4 = 2*q - q, -2*l + 5*q - 6 = 0. List the prime factors of s(l).
2, 3
Let i(x) = -9*x**3 + x**2 + 3*x - 2. List the prime factors of i(-3).
241
Let v(a) = a + 12. Suppose -4*m + 27 = 3. Suppose 0 = 5*q - m + 41. What are the prime factors of v(q)?
5
Let q be (-1)/(-2) + 5/2. Let x = q - 6. List the prime factors of (-4)/(-12) + (-17)/x.
2, 3
List the prime factors of 38 - 3/((-12)/(-8)).
2, 3
Let g = 3 + -1. Let d = g + -2. List the prime factors of 1 + -3 - (-12 - d).
2, 5
Let w(g) = g**2 + 6*g - 2. Let r be (1*-1)/(8/56). List the prime factors of w(r).
5
Let x(a) be the first derivative of a**4/4 - 5*a**3/3 + a**2 + 5*a - 1. Let g be x(5). Let f = 25 - g. List the prime factors of f.
2, 5
Let n(i) = 4*i**2 - 1. Let c be n(1). Suppose c*x + 0*x = 51. What are the prime factors of x?
17
Let i(v) = -14*v - 62. List the prime factors of i(-8).
2, 5
Let i(q) = -q**3 + 4*q**2 + 2*q + 5. Let c be i(5). Let a = c - -4. Let f(l) = -l**2 - 5*l + 8. What are the prime factors of f(a)?
2
Suppose 4*i + 61 = j, 5*j - i - 2 - 208 = 0. What are the prime factors of j?
41
Suppose -5*u + 206 = 4*p - 66, -2*u + p = -101. What are the prime factors of u?
2, 13
Let m = -47 + 81. What are the prime factors of m?
2, 17
Suppose 2*b - 11 - 19 = 0. What are the prime factors of b?
3, 5
Let v = -4 + 8. Suppose u - 48 = v*u. Let x = u - -23. What are the prime factors of x?
7
Suppose 4*a + 413 + 219 = 0. List the prime factors of 1/(-3 + a/(-52)).
2, 13
Let d = 66 + -38. Suppose -109 = -3*j - d. What are the prime factors of j?
3
Suppose 2*n - 3 - 5 = 0. Suppose n*d = -d. Let x(h) = -h**3 + 12. What are the prime factors of x(d)?
2, 3
List the prime factors of (10/(-7))/(15/(-210)).
2, 5
Suppose 2*t = -y + 188, 0 = -3*t - 4*y + 20 + 267. List the prime factors of t.
3, 31
Suppose 2*y - 18 = -40. Let c be (-312)/(-14) + 2/(-7). Let s = c + y. What are the prime factors of s?
11
Let m(i) = i**2 + 6*i - 5. Let q be m(-8). Let k = q + -9. List the prime factors of k.
2
Let x = -25 + 53. What are the prime factors of x?
2, 7
Suppose -2*p - 3*p = 0. Suppose 5*x - 9 - 156 = p. What are the prime factors of x?
3, 11
Let o(s) = -7*s - 6. Let g be o(-4). Suppose -g = 5*a - 237. List the prime factors of a.
43
Suppose 0 = 7*s + 3 - 80. List the prime factors of s.
11
Suppose -3*i + 101 = 2*m - 6*m, 0 = -5*i - 2*m + 177. List the prime factors of i.
5, 7
Let y(g) = g**2 - 4*g + 4. Suppose 4*q = 43 - 15. List the prime factors of y(q).
5
Let z(c) = -5*c**2 - c + 2. Let k(b) = 2*b**2 - 1. Let f(m) = 7*k(m) + 2*z(m). List the prime factors of f(3).
3
Let k be (16 - 0)/(-1 + 2). Suppose 6 = -4*i + 6. Let u = i + k. What are the prime factors of u?
2
Suppose 0 = 16*u - 11*u - 15. Let z = 6 + -3. List the prime factors of u*3/z - -17.
2, 5
Let h(x) = -4*x - 1. Let p be h(-1). Suppose -2*i = -p*d + 1, -2*i - 3*i = -5*d. List the prime factors of d + -2 + 2 + 1.
2
Suppose -v = v - 48. What are the prime factors of v?
2, 3
Suppose -12 = -n - 0. Suppose 2*z - 16 = n. List the prime factors of z.
2, 7
Suppose -2*y = -4*i - 54, -22 = -2*y + 3*i + 35. Let j = y - 17. What are the prime factors of j?
2
Let d = 5 + -2. Suppose 0*p + a + 30 = d*p, -4*a + 34 = 2*p. What are the prime factors of p + 2*(-3)/6?
2, 5
Suppose -4*v + 6 = -2. Let p = 41 - 25. Suppose 4*f = -16, 5*f = -2*c + v*f + p. What are the prime factors of c?
2, 7
Let s be ((-2)/(-4))/(5/(-140)). Let n = 45 + s. List the prime factors of n.
31
Let a(t) = 2*t - 1. Let j be a(1). Let r be 3 + (0 - 0 - j). What are the prime factors of 6/8*24/r?
3
What are the prime factors of (-36)/(-27) + 182/3?
2, 31
Let s = 3 + -3. Suppose s + 8 = o. What are the prime factors of (-9)/(-2)*o/6?
2, 3
Let c(z) = z**2 - z. Let r be c(3). List the prime factors of (-148)/(-10) - r/(-30).
3, 5
Let i(u) = 27*u. What are the prime factors of i(1)?
3
Let h = -31 - -64. What are the prime factors of h?
3, 11
Suppose 2*q - 4*t = -10, q = t + 2*t - 10. Suppose q*o - 38 = 42. What are the prime factors of o?
2
Suppose -z + 582 = 78. What are the prime factors of z/81 - (-2)/(-9)?
2, 3
Let y be (-2 + -18)/(2 + -4). Let u = -6 + y. What are the prime factors of u?
2
Suppose 39 = 2*w - w - 4*s, 4*s - 47 = -w. What are the prime factors of w?
43
Suppose j + 16 = 4*d, -6*j + 3*j + 7 = -d. Suppose d*q - 3*a + 69 = -18, -2*q + a = 35. What are the prime factors of (-212)/q - 4/(-18)?
2, 3
Suppose -3*j - u + 0*u = -141, -j - 3*u + 39 = 0. Suppose -t + 5*w = -2*t + 59, -j = -2*t + 4*w. List the prime factors of t.
2, 17
Let m be -3 + (2 - 1) + 7. Suppose -2*r + v = -44, -m*r - 4*v + 154 - 18 = 0. What are the prime factors of r?
2, 3
Let i(s) = 2*s**3 - 2*s + 2. List the prime factors of i(3).
2, 5
Suppose 0 = i - 3*i. Suppose 4 = h - w, 3*h - 2*w = -i*w + 11. What are the prime factors of h?
3
What are the prime factors of ((-42)/9)/((-8)/36)?
3, 7
Suppose 0*x - 26 = 2*x. Let n = -5 - x. What are the prime factors of n?
2
Suppose -4*c + 336 = 2*m, 2*c + 4*m = -0 + 156. List the prime factors of c.
2, 43
What are the prime factors of (-1 + 15)*72/16?
3, 7
Suppose 0 = -5*v + 3*l + 20, -v + 2 = l - 2. Let k(n) = -v + 4 - 5*n + n. What are the prime factors of k(-1)?
2
Let s = 16 + -9. Let z = s - 2. What are the prime factors of 12/z + 4/(-10)?
2
Let g = 8 + -8. Suppose g = 4*z - 3*i - 51, -4*z - i + 49 = -2*i. What are the prime factors of z?
2, 3
Let u(x) = x**3 + 4*x**2 - 5*x + 4. Let s be u(-5). Suppose 3*w - 5*h + 6 = 0, s*h - 13 = -1. Suppose -w*q = -3 - 36. List the prime factors of q.
13
Suppose -2*b = -i, 2*b - 2 - 2 = -i. Let w(o) = 0*o**2 + 9 + 3*o - o**2 - i*o. What are the prime factors of w(0)?
3
Suppose -2 = 3*n - 26. List the prime factors of 2/n - 43/(-4).
11
Let s = -150 - -247. List the prime factors of s.
97
List the prime factors of (3/2)/(3/16).
2
Let y be (-4)/20 - 52/(-10). What are the prime factors of 98/10 - y/(-25)?
2, 5
Suppose 0 = -4*q - 2*j + 170, 4*j = -5*q + j + 212. Let k = -17 + q. What are the prime factors of k?
2, 13
Suppose -11*d = -7*d - 44. Let o be -5 + 1